 divided by 415?
38
What is the remainder when 18954 is divided by 861?
12
Calculate the remainder when 40292 is divided by 4027.
22
Calculate the remainder when 5782 is divided by 65.
62
Calculate the remainder when 52013 is divided by 25957.
99
Calculate the remainder when 2243 is divided by 447.
8
What is the remainder when 63384 is divided by 180?
24
What is the remainder when 21241 is divided by 1264?
1017
What is the remainder when 166872 is divided by 83427?
18
Calculate the remainder when 4818 is divided by 733.
420
Calculate the remainder when 47679 is divided by 15.
9
What is the remainder when 701 is divided by 576?
125
Calculate the remainder when 3630 is divided by 1305.
1020
Calculate the remainder when 9505 is divided by 9224.
281
What is the remainder when 1122 is divided by 22?
0
What is the remainder when 7088 is divided by 116?
12
Calculate the remainder when 297344 is divided by 38.
32
Calculate the remainder when 30530 is divided by 3349.
389
Calculate the remainder when 109700 is divided by 115.
105
Calculate the remainder when 185353 is divided by 280.
273
What is the remainder when 14948 is divided by 71?
38
Calculate the remainder when 720 is divided by 69.
30
Calculate the remainder when 7449 is divided by 514.
253
Calculate the remainder when 33484 is divided by 107.
100
What is the remainder when 75861 is divided by 363?
357
What is the remainder when 3564 is divided by 3?
0
What is the remainder when 5849 is divided by 486?
17
What is the remainder when 47492 is divided by 37?
21
What is the remainder when 491 is divided by 117?
23
What is the remainder when 787167 is divided by 316?
11
Calculate the remainder when 444838 is divided by 330.
328
Calculate the remainder when 6065 is divided by 506.
499
Calculate the remainder when 25096 is divided by 502.
498
What is the remainder when 19609 is divided by 39?
31
Calculate the remainder when 1039 is divided by 155.
109
What is the remainder when 42106 is divided by 662?
400
What is the remainder when 201956 is divided by 340?
336
What is the remainder when 188135 is divided by 8958?
17
Calculate the remainder when 19186 is divided by 190.
186
Calculate the remainder when 3188869 is divided by 445.
444
Calculate the remainder when 3000 is divided by 11.
8
Calculate the remainder when 492751 is divided by 134.
33
What is the remainder when 4009 is divided by 205?
114
What is the remainder when 366904 is divided by 102?
10
What is the remainder when 13842 is divided by 4614?
0
What is the remainder when 26175 is divided by 26174?
1
Calculate the remainder when 11628 is divided by 14.
8
What is the remainder when 647275 is divided by 7615?
0
What is the remainder when 1417157 is divided by 30?
17
What is the remainder when 3528 is divided by 91?
70
What is the remainder when 75220 is divided by 18797?
32
Calculate the remainder when 2085 is divided by 422.
397
What is the remainder when 8822 is divided by 2187?
74
What is the remainder when 7295 is divided by 3638?
19
What is the remainder when 12953 is divided by 500?
453
What is the remainder when 4372 is divided by 110?
82
Calculate the remainder when 480212 is divided by 130.
122
Calculate the remainder when 45435 is divided by 307.
306
Calculate the remainder when 8190 is divided by 2045.
10
Calculate the remainder when 30542 is divided by 926.
910
What is the remainder when 572353 is divided by 60?
13
What is the remainder when 31137 is divided by 452?
401
What is the remainder when 43389 is divided by 180?
9
Calculate the remainder when 3625 is divided by 905.
5
Calculate the remainder when 28633 is divided by 69.
67
What is the remainder when 40346 is divided by 131?
129
What is the remainder when 3374 is divided by 422?
420
Calculate the remainder when 42787 is divided by 121.
74
What is the remainder when 38287 is divided by 35?
32
What is the remainder when 6048 is divided by 35?
28
Calculate the remainder when 195969 is divided by 585.
579
What is the remainder when 25634 is divided by 1169?
1085
What is the remainder when 15595 is divided by 742?
13
What is the remainder when 1193 is divided by 565?
63
Calculate the remainder when 16288 is divided by 94.
26
Calculate the remainder when 30862 is divided by 120.
22
What is the remainder when 213925 is divided by 53474?
29
Calculate the remainder when 392 is divided by 14.
0
What is the remainder when 1688341 is divided by 337667?
6
What is the remainder when 24185 is divided by 410?
405
What is the remainder when 3374 is divided by 262?
230
Calculate the remainder when 38084 is divided by 470.
14
What is the remainder when 4018 is divided by 42?
28
What is the remainder when 496983 is divided by 82824?
39
What is the remainder when 11335 is divided by 218?
217
What is the remainder when 150153 is divided by 433?
335
What is the remainder when 1526 is divided by 654?
218
What is the remainder when 386 is divided by 269?
117
Calculate the remainder when 18855 is divided by 514.
351
Calculate the remainder when 11255 is divided by 84.
83
What is the remainder when 41491 is divided by 156?
151
What is the remainder when 7111 is divided by 7?
6
What is the remainder when 711 is divided by 13?
9
Calculate the remainder when 14651 is divided by 915.
11
Calculate the remainder when 36740 is divided by 59.
42
Calculate the remainder when 35370 is divided by 37.
35
What is the remainder when 17624 is divided by 5?
4
Calculate the remainder when 2290 is divided by 252.
22
What is the remainder when 22169 is divided by 308?
301
What is the remainder when 1109 is divided by 101?
99
Calculate the remainder when 212 is divided by 92.
28
What is the remainder when 127006 is divided by 14?
12
What is the remainder when 1148 is divided by 43?
30
What is the remainder when 2545 is divided by 131?
56
What is the remainder when 9555 is divided by 15?
0
Calculate the remainder when 1034 is divided by 23.
22
Calculate the remainder when 445 is divided by 35.
25
Calculate the remainder when 21 is divided by 16.
5
What is the remainder when 14119 is divided by 20?
19
Calculate the remainder when 38705 is divided by 47.
24
Calculate the remainder when 1357 is divided by 9.
7
Calculate the remainder when 296897 is divided by 50.
47
What is the remainder when 9375115 is divided by 53?
51
Calculate the remainder when 13450 is divided by 963.
931
Calculate the remainder when 3520 is divided by 396.
352
Calculate the remainder when 14320 is divided by 2383.
22
What is the remainder when 55307 is divided by 18420?
47
Calculate the remainder when 1150114 is divided by 132.
130
Calculate the remainder when 4165 is divided by 139.
134
Calculate the remainder when 51451 is divided by 4677.
4
Calculate the remainder when 15207 is divided by 1640.
447
What is the remainder when 2285 is divided by 1057?
171
Calculate the remainder when 1852 is divided by 205.
7
What is the remainder when 97182 is divided by 8?
6
What is the remainder when 929217 is divided by 1073?
1072
Calculate the remainder when 17005 is divided by 44.
21
Calculate the remainder when 4254 is divided by 1307.
333
Calculate the remainder when 10003 is divided by 2499.
7
Calculate the remainder when 38812 is divided by 441.
4
What is the remainder when 169908 is divided by 98?
74
Calculate the remainder when 12663 is divided by 29.
19
Calculate the remainder when 5454 is divided by 16.
14
What is the remainder when 2313 is divided by 26?
25
What is the remainder when 40417 is divided by 61?
35
What is the remainder when 44712 is divided by 276?
0
What is the remainder when 785 is divided by 704?
81
What is the remainder when 34560 is divided by 1114?
26
Calculate the remainder when 2863 is divided by 1358.
147
Calculate the remainder when 7365 is divided by 2449.
18
Calculate the remainder when 97556 is divided by 659.
24
Calculate the remainder when 9136 is divided by 219.
157
Calculate the remainder when 21330 is divided by 2658.
66
Calculate the remainder when 26793 is divided by 291.
21
What is the remainder when 55193 is divided by 240?
233
What is the remainder when 7896 is divided by 240?
216
What is the remainder when 15151 is divided by 843?
820
What is the remainder when 974 is divided by 25?
24
What is the remainder 